(n) = 16*n. Let w be z(5). Suppose -5*d = -w - 30. Let o be (0/(-2) + 5)*11. What is the greatest common factor of o and d?
11
Let w be (-34)/(-4) - 37/(-74). Let a be (2 - -97) + -1 + 1. What is the greatest common divisor of a and w?
9
Let q = 620 + -388. Calculate the greatest common divisor of q and 29.
29
Let z = 87 + 39. What is the highest common divisor of 18 and z?
18
Let o(i) = 48*i**2 - 2*i - 1. Let p be o(-1). Let g = p + -27. What is the greatest common divisor of g and 154?
22
Let k = 1 + -1. Suppose k = 2*g - 28 - 8. Calculate the greatest common factor of g and 3.
3
Let w be (6 - 4)/(4/10). Let g be ((-28)/w)/(12/(-30)). What is the highest common divisor of g and 56?
14
Let g(a) = a**3 - 10*a**2 + 16*a + 9. Let t be g(9). What is the highest common factor of 12 and t?
12
Let b be 43 + (0 - (3 - 4)). What is the highest common divisor of b and 220?
44
Let d = -93 + 135. What is the greatest common factor of 30 and d?
6
Let i = -44 + 55. Let u = 1 + -2. Let r be (u/(-2))/(2/4). What is the greatest common factor of i and r?
1
Suppose 2*u - 210 = -780. Let i = -182 + 68. Let y = i - u. Calculate the greatest common divisor of y and 19.
19
Suppose b + 39 = 3*m + 4*b, -3*m - 2*b + 40 = 0. Let a be ((-735)/(-10))/(6/8). Calculate the greatest common factor of a and m.
14
Suppose 32 = -3*b - 4*u, -4*u = -2*b - 0*b - 8. Let g be (-16)/10*(-60)/b. Let f = g + 42. Calculate the highest common divisor of f and 10.
10
Suppose 3*g - 381 + 129 = 0. What is the highest common factor of g and 12?
12
Let g(d) = 2*d**2 - 2*d - 2. Let k be g(3). Let o be (-1)/(-2) + k/4. Suppose -v = o*v - 112. Calculate the highest common factor of 7 and v.
7
Let o be 2/6 + 7/(-3). Let l(v) = -7*v**3 - 3*v - 2. Let s be l(o). Let m = -3 + 27. Calculate the greatest common factor of m and s.
12
Suppose 20 = 4*a + 8. Let n = a - -2. Suppose -17 = -d - 0*u - 2*u, -d - 4 = -n*u. What is the greatest common factor of d and 11?
11
Let w(c) = c**3 + 6*c**2 + 4*c - 5. Let l be w(-4). Suppose 0 = -2*z - 17 + 61. What is the greatest common factor of l and z?
11
Let n = 474 + -330. What is the highest common factor of 16 and n?
16
Let d(c) = 24*c + 2. Let w be d(2). Let k be (-560)/(-55) - (-4)/(-22). Calculate the greatest common factor of k and w.
10
Suppose -4*l = -3 - 1. Let s be ((-27)/(-12))/(l/64). Let t = -4 + 20. Calculate the highest common factor of t and s.
16
Suppose 2*z = -3*z + 70. Let s be 4/z + 2298/42. What is the greatest common factor of s and 5?
5
Let z = 5 + -1. Suppose 135 = z*i + 3*n, -i - 10 = -2*i + 4*n. What is the highest common factor of i and 90?
30
Let p = 74 - -99. Let s = -109 + p. Let x = -17 - -25. What is the highest common divisor of x and s?
8
Let l = 25 + -12. Suppose l = 2*m + 1. Suppose 68 + 32 = 5*t + 5*b, 4*b = 5*t - 55. What is the greatest common factor of t and m?
3
Let w be -24*3/18*-2. Let f be 174/24 + (-2)/w. What is the highest common divisor of 49 and f?
7
Let a = 30 - 24. Calculate the highest common factor of a and 2.
2
Let f(o) = o**3 + 3*o - 4. Let g be f(7). Suppose q = 6*q - g. Calculate the highest common divisor of 8 and q.
8
Suppose 37 = p - f, 2*f + 138 = -3*p + 7*p. What is the highest common divisor of 24 and p?
8
Let v(x) = 4*x**2 + 3*x - 2. Let o be v(2). Suppose 2*d = 10, d = 2*u - 5*u + 155. Calculate the greatest common divisor of u and o.
10
Suppose 4 = -5*b + 3*b. Let c be ((-42)/12)/(b/20). Suppose -5*o + 9 = -61. What is the greatest common factor of o and c?
7
Let u = -45 + 69. Let b = 42 - u. Suppose -3*d = -6*d + 162. Calculate the highest common divisor of d and b.
18
Suppose u - 22 = -f, u = f + 28 - 2. What is the highest common factor of 60 and u?
12
Suppose 0*m = m - 5. What is the highest common divisor of m and 5?
5
Let j be (-5 - -1)*(-231)/4. Let t be (-7 - -4)/(1/(-7)). Calculate the highest common divisor of t and j.
21
Let q = -1 - -5. Suppose 5*g - 6 = 2*c + 10, 3*c + q*g = 22. Let l be 15 + (-5 - (c - 5)). Calculate the highest common factor of 52 and l.
13
Suppose v + v - 12 = 0. Calculate the highest common divisor of 4 and v.
2
Let q be ((-80)/45)/8 - 101/(-9). Calculate the greatest common divisor of 88 and q.
11
Suppose -47*r = -51*r + 324. Calculate the highest common divisor of r and 9.
9
Let a(d) = -d**2 - 5*d - 6. Let o be a(-5). Let g be o/(-39) - (-54)/(-13). Let n be 2/g + (-1029)/(-6). What is the greatest common divisor of 19 and n?
19
Suppose 6*k - 42 = 5*k. Calculate the highest common factor of k and 378.
42
Suppose 4*v + 8 = 8*v. Let h(y) = -y**3 + 7*y**2 - 4*y + 4. Let w be h(6). What is the highest common factor of v and w?
2
Let b be (1*(-2)/(-3))/((-4)/(-162)). Let c(y) = y**2 - 2. Let m be c(2). Suppose -m*f + 18 = -f. Calculate the highest common factor of b and f.
9
Let p be 14/1 - 3/(-3). Calculate the greatest common divisor of 6 and p.
3
Let r = -81 + 164. Suppose f = 5, 5*b + 5*f + 28 = r. Suppose -5*p + 5*y + 41 = -94, -114 = -4*p + 2*y. What is the greatest common divisor of p and b?
6
Let o be 264/10 + 12/(-30). Calculate the highest common divisor of o and 117.
13
Suppose 0 = -2*z - 17 + 7, 2*l = 5*z + 25. Suppose -3*y - 12 = l, y = 5*g + 2*y + 119. Let m = g + 44. What is the greatest common factor of m and 3?
3
Let a(x) = -x**3 + 9*x**2 + 5*x - 5. Let u be a(4). Let o be (-4)/(-14) + u/35. Suppose o*f = 7*f - 576. Calculate the greatest common factor of 16 and f.
16
Let x(b) = b**3 + b + 14. Let g be x(0). Suppose -4*v = -14 + 2, 3*s + v = 0. Let y be (20/(-5)*s)/2. What is the greatest common factor of g and y?
2
Let y = -5 + 5. Suppose -j - 4*i + 4 = y, i = -i. What is the highest common divisor of j and 4?
4
Let c = -117 + 205. What is the highest common factor of c and 22?
22
Let w = 73 + -21. Let d = -43 + 56. What is the greatest common factor of w and d?
13
Suppose -8 - 37 = -3*g. Suppose 2*y = 97 + g. Let p(v) = 8*v - 1. Let j be p(1). Calculate the greatest common divisor of j and y.
7
Suppose 52 = -5*c - 3. Let r be c/22*(-45 - -1). What is the greatest common factor of 88 and r?
22
Let d = -4 - -4. Suppose d*z - 3*z = -12. Suppose -2*q - 5*o + o = -6, -4*o = -z*q + 36. Calculate the greatest common factor of 1 and q.
1
Let q(j) be the second derivative of -j**3/6 + 5*j**2 - 3*j. Let s be q(6). What is the greatest common divisor of 12 and s?
4
Suppose 140*s - 139*s - 27 = 0. What is the greatest common factor of s and 27?
27
Suppose -j + 3*c = -15, -2*j + 4*c + 15 + 11 = 0. Suppose 5*b - 3*b = 18. What is the greatest common divisor of j and b?
9
Suppose -5*n + 106 + 29 = 0. What is the greatest common factor of n and 18?
9
Let p be 6 + (-4)/(8/6). Suppose -p = -5*w + 27. What is the greatest common divisor of w and 54?
6
Suppose 0*f - 10 = -2*f. Let a be (f - (0 + 3)) + -3. Let h be (1/a)/(4/(-40)). What is the highest common factor of 5 and h?
5
Let t = -107 + 127. Calculate the highest common divisor of 180 and t.
20
Suppose -3*w = -4*a - 16, -w - w = 4*a + 16. Suppose -4 = -2*m + 26. Suppose -2*z - m + 51 = w. Calculate the greatest common divisor of z and 54.
18
Let m = 73 + -64. What is the greatest common divisor of m and 72?
9
Let q = -8 + 29. Calculate the highest common divisor of q and 21.
21
Let u = -28 - -100. Calculate the greatest common divisor of 9 and u.
9
Let u be 1*(4 - 5) + 73. Calculate the highest common factor of u and 18.
18
Let v = 314 + -272. Let b be -1 - 1*1*-29. What is the highest common divisor of b and v?
14
Let b(k) = k**3 - 7*k**2 + 6. Let a be b(7). Calculate the greatest common factor of 48 and a.
6
Suppose 3*o + 0*o + 3*w - 45 = 0, -5*o + 25 = -5*w. Calculate the highest common divisor of 80 and o.
10
Let r(t) = -3*t**2 + 6*t + 4. Let c(y) = y**2 - y - 1. Let d(k) = -2*c(k) - r(k). Let z be d(7). What is the greatest common divisor of 133 and z?
19
Suppose -l + 2*h + 40 = 4*l, 4*l = -h + 32. Calculate the greatest common factor of 40 and l.
8
Let g = 7 + -13. Let d = g + 15. Let p be (-27)/(-2)*(-2)/(-3). What is the greatest common divisor of p and d?
9
Suppose 0*p = 5*p - 25. Suppose 0*a - p*a + 478 = m, 2*a + 5*m - 205 = 0. Suppose -4*u = 7 - a. What is the greatest common divisor of u and 33?
11
Let s(r) = 5*r - 3. Let f(m) = -m**2 + m - 4. Let a be f(0). Let g = 7 + a. Let c be s(g). Calcul